 - 3). Let f = -549 + j. Is f composite?
True
Let w be (-4)/(-14) + (-4)/14. Suppose -m - 221 + 953 = w. Is m/(-3)*(-1)/2 prime?
False
Let t = -23 + 40. Suppose -18*w = -t*w - 91. Is w prime?
False
Let h(c) be the first derivative of c**6/360 + c**5/15 + 5*c**4/12 + c**3 - 5. Let a(k) be the third derivative of h(k). Is a(-9) composite?
False
Suppose -4*k = -4*b + 5984, -b - b + 2992 = -4*k. Suppose b = 2*s - 42. Is s prime?
True
Suppose 42*f - 82372 = 38*f. Is f a prime number?
True
Let v(f) = f + 7170. Let i be v(0). Suppose -g = -6*g + i. Is g/18 + (-4)/6 a composite number?
False
Let s = -93 + 37. Let h = s - -113. Let q = 290 - h. Is q prime?
True
Suppose -12 = -4*w - 4. Let i = -51 - -110. Suppose d + i = w*d. Is d prime?
True
Suppose -3*h + 4 = s, h - 5*s + 12 = -2*s. Suppose h = y - 1 - 1. Suppose 0 = y*q - 30 - 224. Is q composite?
False
Let v = -51 - -45. Is 2 + (-4)/((-8)/v) + 1230 a prime number?
True
Let l(f) = 3134*f**2 - 4*f + 1. Is l(1) a composite number?
True
Let b(p) = 600*p**2 - 8*p - 15. Is b(-4) prime?
False
Let c be (670/(-8) - -2)*-24. Suppose 2*m + 492 = 3*m + n, -4*m = -2*n - c. Is m a composite number?
False
Suppose -6 = -6*m + 8*m, 7790 = 5*r + 5*m. Is r a composite number?
True
Suppose -o + 441 = 4*r - 2372, -4*o = -3*r - 11347. Is o a prime number?
True
Suppose -105*v = -111*v + 58602. Is v composite?
False
Suppose 677 = 2*p + 3*z, z - 1378 = -3*p - 380. Let t = 1230 + p. Is t composite?
True
Let j(d) = 17*d**3 - d**2 - 5*d + 5. Let l be 72/16 - (-1)/2. Suppose l*m - 8 = 2. Is j(m) composite?
False
Suppose -s - 13 = -3*y - 0*y, 2*y = -4*s + 18. Let i = -13 - -1175. Suppose y*v - i = 303. Is v a composite number?
False
Let v = 13096 + -7773. Is v a composite number?
False
Suppose 0*g = -g. Suppose 0*q - 2*q + 828 = g. Suppose 0 = 4*p + 58 - q. Is p a composite number?
False
Suppose 0 = -3*j - b - 10, 7*b - 6 = 3*j + 4*b. Is ((-1623)/j)/(1/1) prime?
True
Let o(f) = f**3 - 9*f**2 - 9*f + 25. Suppose 0 = 8*t - 12*t + 56. Is o(t) composite?
True
Suppose 0 = -11*p + 97824 + 7963. Is p a composite number?
True
Suppose s - 643 - 526 = 0. Is s a prime number?
False
Let z = 81 + -57. Suppose -4 = y + 2*k, 2*y = 7*y - k - z. Suppose -4*b = -y*d + 144, -2*d = -0*d - 5*b - 69. Is d a prime number?
True
Let g = -6 + 11. Suppose -g*d - p - 3*p = 10, 0 = -5*d + 5*p + 35. Is (1 - 38)/(d/(-4)) prime?
False
Suppose -14 = 6*l + l. Is -1 - (l + (-36)/1) prime?
True
Suppose -w - 10 = 5*g, 2*g = 4*w - 0*w - 4. Let r(n) = 131*n**2 + 4*n + 3. Is r(g) composite?
True
Let z = 233897 - 165504. Is z prime?
False
Let u = -18612 + 85957. Is u a prime number?
False
Is (17452/(-8))/((2 + 1)/(-30)) composite?
True
Let v be -4 + 3 - 12729/(-5 + 2). Let z = v + -1135. Is z a prime number?
False
Suppose -6*u - 656 = 3190. Let a = -378 - u. Is a composite?
False
Let v be ((-19188)/(-1170))/(1/(-20)). Suppose 0*h - q = -2*h + 279, -4*h + 553 = 3*q. Let w = h - v. Is w composite?
False
Suppose -3*u + 44339 = -3538. Is u prime?
True
Let y(o) = 291*o**2 + 2*o + 1. Let r be (-6)/21 + (-92)/(-28). Let c be (r/(-2))/(3/(-4)). Is y(c) composite?
True
Let m(r) = r**3 - 19*r**2 - 20*r + 13. Let j be m(20). Suppose q + j = -2*x + 1294, -5*x - q = -3204. Is x composite?
False
Let c(k) = -k**3 + 23*k**2 - 12. Let a be c(20). Let d = -809 + a. Is d prime?
True
Let l(d) = 2*d - 6. Let x be l(4). Suppose 3*p - x = 4. Suppose 0*k = -3*k + 4*g + 397, p*g + 262 = 2*k. Is k composite?
False
Let v(h) = h**2 - 14*h + 5. Let p be v(13). Let d = p + 11. Suppose -d*m + 2*m = -211. Is m a prime number?
True
Let d(s) = -113*s**3 - s**2 - 6*s - 7. Suppose -3*m = -7*q + 2*q - 22, m = q + 6. Is d(q) prime?
False
Let s(q) = 61*q + 1. Let j = 2 + 1. Suppose -5 - j = -4*z. Is s(z) composite?
True
Let l be (-1)/(-6) - (-10)/12. Is ((l - 4)*41)/(-1) prime?
False
Let l(v) = -v**2 + 12*v + 16. Let n be l(13). Suppose 7*u = n*u - 376. Let p = u - -173. Is p prime?
True
Suppose -2*h = b + 836, 5*b - 3*h + 4240 = 2*h. Let g = b + 1455. Is g prime?
False
Let s = 33717 - 23264. Is s a composite number?
False
Suppose 0 = -2*k + 4*q + 8, -k + 4 = 5*q - q. Suppose -1508 = -8*o + k*o. Is o prime?
False
Is (((-16)/(-6))/4)/((-190)/(-7490085)) prime?
False
Let s(m) = 7*m - 30. Let l be s(6). Is (l/39)/(-2) + (-26810)/(-26) a composite number?
False
Suppose 15*u - 11*u = 1300. Let c = 834 - u. Let f = c + -30. Is f composite?
False
Suppose 3 + 27 = 6*v. Suppose 13*q = v*q + 6168. Is q prime?
False
Let v(t) = 4*t**2 - 18*t + 3*t**2 - 6*t**2. Is v(-13) composite?
True
Suppose -3*i - 2*c = -c - 4532, 2*i + 4*c - 3018 = 0. Is i composite?
False
Let m = -18819 + 46604. Is m prime?
False
Is (6/(-4))/(54/(-350748)) a composite number?
False
Suppose 8*q - 12*q = -16. Is (q/1)/(-16)*-596 prime?
True
Let f = 1265 + -724. Is f a composite number?
False
Let a(u) = -u - 5. Let z be a(-7). Let s(i) = 3*i + 2*i**2 - 3*i**3 + 5*i**2 - 4 - 2*i**z. Is s(-3) a composite number?
False
Let w = -15887 + 29128. Is w a prime number?
True
Let r(c) = 22*c**2 - 20*c + 191. Is r(29) composite?
True
Let g(p) be the second derivative of p**7/1260 + p**6/720 - p**5/120 - p**4/4 + 4*p. Let u(a) be the third derivative of g(a). Is u(6) composite?
True
Let n be (-8)/(-44) + 651/(-11). Let h = n - -478. Is h a prime number?
True
Suppose -4*w + 22860 = 2*t, -6*t + 17155 = 3*w - 2*t. Is w composite?
True
Let m(t) be the third derivative of -7*t**6/120 - t**5/30 - t**4/12 + t**3/6 - 6*t**2. Is m(-2) composite?
False
Let v(s) be the third derivative of -s**6/120 + s**4/24 + 121*s**3/6 - 52*s**2. Let i(a) = a**3 - 3*a**2 + a + 2. Let k be i(2). Is v(k) prime?
False
Let p = -31 - -19. Let l be 543/4 - (-9)/p. Let n = l + 344. Is n a composite number?
False
Let g be 8/20 - 9/(-15). Is 4 + -6 + g + 2360 a prime number?
False
Let l = -7472 - -11463. Is l composite?
True
Let o be (-1337)/(-4 - (-6 - -3)). Let n = -132 + o. Let w = n - -2102. Is w a prime number?
True
Let k = 920 - 542. Suppose -l = 3*s - 189, 2*s = -2*l + 4*s + k. Suppose 3*a - l - 192 = 0. Is a a prime number?
True
Let h(b) = 207*b**2 + b - 4. Let f be h(-2). Suppose 2*o - o = -4*l + f, -o + 2 = 0. Is l a prime number?
False
Let k = 159 - 89. Is (-4)/14 - (-123150)/k composite?
False
Suppose 0 = 2*n - 2*s - 23998, 2*n - s = -0*s + 24002. Is n a prime number?
False
Let s be -46*(-108)/(-16)*-2. Let p be 5/10 + s/6. Let a = 7 + p. Is a prime?
False
Let w = -218 + -126. Let o = w - -4099. Is o composite?
True
Let p(x) = 6*x + 2 - 4 + 5. Let z(u) = -u**2 - 24*u - 15. Let g be z(-23). Is p(g) composite?
True
Suppose -5*z = 2383 + 1922. Let l = 638 - z. Is l composite?
False
Let z(y) = y**3 - 16*y**2 + 43*y + 69. Is z(31) composite?
False
Suppose 9*i = 3*i + 94974. Suppose 17*v - i = 6*v. Is v prime?
True
Let x(g) = -g**2 - 2*g + g - 29 + 18*g. Is x(12) composite?
False
Suppose 7*c - 4838 - 3800 = 0. Suppose -772 = -2*p + c. Is p composite?
True
Suppose -7270 = -5*x + 2*h, 3*x + 2*h - 6*h - 4348 = 0. Let d = x - 999. Is d a composite number?
False
Let r(y) = y**2 + 9*y + 3. Let a be r(-9). Let o = a - 4. Is (3/6)/(o/(-68)) a composite number?
True
Let v = -1051 - -2532. Is v composite?
False
Is (-270954)/45*15/(-6) prime?
True
Let j(g) = 47*g**2 - 29*g - 134. Is j(-4) prime?
False
Let q = 21 - 35. Let k be (-4)/q + 3162/(-42). Let f = k + 233. Is f composite?
True
Let c be 2/5 - (-702)/45. Let t = c - 12. Suppose -t*k + 912 = 4*n, -n = 3*k - k - 233. Is n composite?
False
Suppose 13*z + 3364 = 30261. Is z a composite number?
False
Let b(t) be the second derivative of t**4/12 + 8*t**3/3 - 47*t**2/2 + 16*t. Is b(20) a prime number?
True
Let m be -1953 - (-3 + 28)/5. Is 119/42 + -3 + m/(-12) composite?
False
Suppose 92*h + w = 91*h + 10298, -3*w + 10306 = h. Is h composite?
True
Let q = -4693 - -9008. Suppose -r + 812 = -5*l, 5*r + 355 = 5*l + q. Is r a prime number?
True
Let t = -7 - -10. Suppose t = -4*x + 19. Suppose -x*k = -5*i + 534 + 149, i = 3*k + 130. Is i composite?
False
Suppose -1280*a - 25383 = -1283*a. Is a a prime number?
True
Suppose -i + 3 = -4. Let n be (6/i)/((-6)/(-28)). Suppose -8 = 4*w - 2*w, 0 = n*h + w - 1264. Is h composite?
False
Let o = 25 - 36. Let k(z) = 4*z**2 + z - 6. Is k(o) composite?
False
Let x = 16 - 13. Suppose -4*s - 12 = g, -4*s + x + 1 = -3*